{"id":4029,"date":"2018-11-06T17:20:26","date_gmt":"2018-11-06T17:20:26","guid":{"rendered":"https:\/\/renvisegrad.hu\/?post_type=product&#038;p=4029"},"modified":"2021-04-20T15:36:10","modified_gmt":"2021-04-20T15:36:10","slug":"ajandekutalvany-adjon-renaissance-elmenyt-ajandekba","status":"publish","type":"product","link":"https:\/\/renvisegrad.hu\/en\/termek\/ajandekutalvany-adjon-renaissance-elmenyt-ajandekba\/","title":{"rendered":"Aj\u00e1nd\u00e9kutalv\u00e1ny &#8211; adjon Renaissance \u00e9lm\u00e9nyt aj\u00e1nd\u00e9kba!"},"content":{"rendered":"<p>Az aj\u00e1nd\u00e9kutalv\u00e1ny egy \u00e9ven bel\u00fcl \u00e9tel \u00e9s ital fogyaszt\u00e1s\u00e1ra haszn\u00e1lhat\u00f3 fel. Az utalv\u00e1nyt a fizet\u00e9s be\u00e9rkez\u00e9se ut\u00e1n e-mailben k\u00fcldj\u00fck meg PDF form\u00e1tumban. A dokumentumot ezek ut\u00e1n \u00d6n ki tudja nyomtatni, de elektronikus form\u00e1ban is tov\u00e1bb\u00edthat\u00f3.<\/p>\n","protected":false},"excerpt":{"rendered":"<h3><strong>Kedves Vend\u00e9g\u00fcnk!<\/strong><\/h3>\n<p>\u00d6n tudja, hogy milyen egy beleval\u00f3 Renaissance-lakoma, k\u00f3stolta hamis\u00edtatlan visegr\u00e1di specialit\u00e1sainkat \u00e9s mag\u00e1ba sz\u00edvta \u00e9tterm\u00fcnk k\u00fcl\u00f6nleges, m\u00faltid\u00e9z\u0151 hangulat\u00e1t. Most aj\u00e1nd\u00e9kba is adhatja az \u00e9lm\u00e9nyt &#8211; lepje meg szeretteit, bar\u00e1tait egy Renaissance-aj\u00e1nd\u00e9kutalv\u00e1nnyal!<\/p>\n<p>Meg\u00fajult weboldalunkon lehet\u0151s\u00e9g van k\u00f6zvetlen <strong>k\u00e1rty\u00e1s fizet\u00e9sre<\/strong> \u00e9s <strong>banki \u00e1tutal\u00e1ssal t\u00f6rt\u00e9n\u0151 rendez\u00e9sre<\/strong> egyar\u00e1nt. Mindk\u00e9t esetben al\u00e1bb, a &#8220;Kos\u00e1rba rakom&#8221; gomb mellett v\u00e1laszthatja ki a k\u00edv\u00e1nt darabsz\u00e1mot, majd ezt k\u00f6vet\u0151en kos\u00e1rba rakhatja a term\u00e9ket. A v\u00e1s\u00e1rl\u00e1si folyamat v\u00e9g\u00e9n pedig kiv\u00e1laszthatja az \u00d6nnek megfelel\u0151 fizet\u00e9si form\u00e1t. V\u00e1rjuk szeretettel Visegr\u00e1don!<\/p>\n","protected":false},"featured_media":4044,"template":"","meta":{"_et_pb_use_builder":"","_et_pb_old_content":"","_et_gb_content_width":""},"product_brand":[],"product_cat":[275],"product_tag":[],"class_list":{"0":"post-4029","1":"product","2":"type-product","3":"status-publish","4":"has-post-thumbnail","6":"product_cat-termekek","8":"first","9":"instock","10":"shipping-taxable","11":"purchasable","12":"product-type-variable"},"yoast_head":"<!-- This site is optimized with the Yoast SEO plugin v27.5 - https:\/\/yoast.com\/product\/yoast-seo-wordpress\/ -->\n<title>Aj\u00e1nd\u00e9kutalv\u00e1ny - adjon Renaissance \u00e9lm\u00e9nyt aj\u00e1nd\u00e9kba! - Renaissance \u00c9tterem Visegr\u00e1d<\/title>\n<meta name=\"description\" content=\"Most aj\u00e1nd\u00e9kba is adhatja az \u00e9lm\u00e9nyt - lepje meg szeretteit egy Renaissance-aj\u00e1nd\u00e9kutalv\u00e1nnyal kar\u00e1csonyra!\" \/>\n<meta name=\"robots\" content=\"index, follow, max-snippet:-1, max-image-preview:large, max-video-preview:-1\" \/>\n<link rel=\"canonical\" href=\"https:\/\/renvisegrad.hu\/en\/termek\/ajandekutalvany-adjon-renaissance-elmenyt-ajandekba\/\" \/>\n<meta property=\"og:locale\" content=\"en_US\" \/>\n<meta property=\"og:type\" content=\"article\" \/>\n<meta property=\"og:title\" content=\"Aj\u00e1nd\u00e9kutalv\u00e1ny - adjon Renaissance \u00e9lm\u00e9nyt aj\u00e1nd\u00e9kba! - Renaissance \u00c9tterem Visegr\u00e1d\" \/>\n<meta property=\"og:description\" content=\"Most aj\u00e1nd\u00e9kba is adhatja az \u00e9lm\u00e9nyt - lepje meg szeretteit egy Renaissance-aj\u00e1nd\u00e9kutalv\u00e1nnyal kar\u00e1csonyra!\" \/>\n<meta property=\"og:url\" content=\"https:\/\/renvisegrad.hu\/en\/termek\/ajandekutalvany-adjon-renaissance-elmenyt-ajandekba\/\" \/>\n<meta property=\"og:site_name\" content=\"Renaissance \u00c9tterem Visegr\u00e1d\" \/>\n<meta property=\"article:modified_time\" content=\"2021-04-20T15:36:10+00:00\" \/>\n<meta property=\"og:image\" content=\"https:\/\/renvisegrad.hu\/wp-content\/uploads\/2018\/11\/ajandekutalvany_kep.jpg\" \/>\n\t<meta property=\"og:image:width\" content=\"700\" \/>\n\t<meta property=\"og:image:height\" content=\"443\" \/>\n\t<meta property=\"og:image:type\" content=\"image\/jpeg\" \/>\n<meta name=\"twitter:card\" content=\"summary_large_image\" \/>\n<script type=\"application\/ld+json\" class=\"yoast-schema-graph\">{\"@context\":\"https:\\\/\\\/schema.org\",\"@graph\":[{\"@type\":\"WebPage\",\"@id\":\"https:\\\/\\\/renvisegrad.hu\\\/en\\\/termek\\\/ajandekutalvany-adjon-renaissance-elmenyt-ajandekba\\\/\",\"url\":\"https:\\\/\\\/renvisegrad.hu\\\/en\\\/termek\\\/ajandekutalvany-adjon-renaissance-elmenyt-ajandekba\\\/\",\"name\":\"Aj\u00e1nd\u00e9kutalv\u00e1ny - adjon Renaissance \u00e9lm\u00e9nyt aj\u00e1nd\u00e9kba! - Renaissance \u00c9tterem Visegr\u00e1d\",\"isPartOf\":{\"@id\":\"https:\\\/\\\/renvisegrad.hu\\\/en\\\/#website\"},\"primaryImageOfPage\":{\"@id\":\"https:\\\/\\\/renvisegrad.hu\\\/en\\\/termek\\\/ajandekutalvany-adjon-renaissance-elmenyt-ajandekba\\\/#primaryimage\"},\"image\":{\"@id\":\"https:\\\/\\\/renvisegrad.hu\\\/en\\\/termek\\\/ajandekutalvany-adjon-renaissance-elmenyt-ajandekba\\\/#primaryimage\"},\"thumbnailUrl\":\"https:\\\/\\\/renvisegrad.hu\\\/wp-content\\\/uploads\\\/2018\\\/11\\\/ajandekutalvany_kep.jpg\",\"datePublished\":\"2018-11-06T17:20:26+00:00\",\"dateModified\":\"2021-04-20T15:36:10+00:00\",\"description\":\"Most aj\u00e1nd\u00e9kba is adhatja az \u00e9lm\u00e9nyt - lepje meg szeretteit egy Renaissance-aj\u00e1nd\u00e9kutalv\u00e1nnyal kar\u00e1csonyra!\",\"breadcrumb\":{\"@id\":\"https:\\\/\\\/renvisegrad.hu\\\/en\\\/termek\\\/ajandekutalvany-adjon-renaissance-elmenyt-ajandekba\\\/#breadcrumb\"},\"inLanguage\":\"en-US\",\"potentialAction\":[{\"@type\":\"ReadAction\",\"target\":[\"https:\\\/\\\/renvisegrad.hu\\\/en\\\/termek\\\/ajandekutalvany-adjon-renaissance-elmenyt-ajandekba\\\/\"]}]},{\"@type\":\"ImageObject\",\"inLanguage\":\"en-US\",\"@id\":\"https:\\\/\\\/renvisegrad.hu\\\/en\\\/termek\\\/ajandekutalvany-adjon-renaissance-elmenyt-ajandekba\\\/#primaryimage\",\"url\":\"https:\\\/\\\/renvisegrad.hu\\\/wp-content\\\/uploads\\\/2018\\\/11\\\/ajandekutalvany_kep.jpg\",\"contentUrl\":\"https:\\\/\\\/renvisegrad.hu\\\/wp-content\\\/uploads\\\/2018\\\/11\\\/ajandekutalvany_kep.jpg\",\"width\":700,\"height\":443},{\"@type\":\"BreadcrumbList\",\"@id\":\"https:\\\/\\\/renvisegrad.hu\\\/en\\\/termek\\\/ajandekutalvany-adjon-renaissance-elmenyt-ajandekba\\\/#breadcrumb\",\"itemListElement\":[{\"@type\":\"ListItem\",\"position\":1,\"name\":\"F\u0151oldal\",\"item\":\"https:\\\/\\\/renvisegrad.hu\\\/en\\\/\"},{\"@type\":\"ListItem\",\"position\":2,\"name\":\"Shop\",\"item\":\"https:\\\/\\\/renvisegrad.hu\\\/en\\\/shop\\\/\"},{\"@type\":\"ListItem\",\"position\":3,\"name\":\"Aj\u00e1nd\u00e9kutalv\u00e1ny &#8211; adjon Renaissance \u00e9lm\u00e9nyt aj\u00e1nd\u00e9kba!\"}]},{\"@type\":\"WebSite\",\"@id\":\"https:\\\/\\\/renvisegrad.hu\\\/en\\\/#website\",\"url\":\"https:\\\/\\\/renvisegrad.hu\\\/en\\\/\",\"name\":\"Renaissance \u00c9tterem Visegr\u00e1d\",\"description\":\"\",\"potentialAction\":[{\"@type\":\"SearchAction\",\"target\":{\"@type\":\"EntryPoint\",\"urlTemplate\":\"https:\\\/\\\/renvisegrad.hu\\\/en\\\/?s={search_term_string}\"},\"query-input\":{\"@type\":\"PropertyValueSpecification\",\"valueRequired\":true,\"valueName\":\"search_term_string\"}}],\"inLanguage\":\"en-US\"}]}<\/script>\n<!-- \/ Yoast SEO plugin. -->","yoast_head_json":{"title":"Aj\u00e1nd\u00e9kutalv\u00e1ny - adjon Renaissance \u00e9lm\u00e9nyt aj\u00e1nd\u00e9kba! - Renaissance \u00c9tterem Visegr\u00e1d","description":"Most aj\u00e1nd\u00e9kba is adhatja az \u00e9lm\u00e9nyt - lepje meg szeretteit egy Renaissance-aj\u00e1nd\u00e9kutalv\u00e1nnyal kar\u00e1csonyra!","robots":{"index":"index","follow":"follow","max-snippet":"max-snippet:-1","max-image-preview":"max-image-preview:large","max-video-preview":"max-video-preview:-1"},"canonical":"https:\/\/renvisegrad.hu\/en\/termek\/ajandekutalvany-adjon-renaissance-elmenyt-ajandekba\/","og_locale":"en_US","og_type":"article","og_title":"Aj\u00e1nd\u00e9kutalv\u00e1ny - adjon Renaissance \u00e9lm\u00e9nyt aj\u00e1nd\u00e9kba! - Renaissance \u00c9tterem Visegr\u00e1d","og_description":"Most aj\u00e1nd\u00e9kba is adhatja az \u00e9lm\u00e9nyt - lepje meg szeretteit egy Renaissance-aj\u00e1nd\u00e9kutalv\u00e1nnyal kar\u00e1csonyra!","og_url":"https:\/\/renvisegrad.hu\/en\/termek\/ajandekutalvany-adjon-renaissance-elmenyt-ajandekba\/","og_site_name":"Renaissance \u00c9tterem Visegr\u00e1d","article_modified_time":"2021-04-20T15:36:10+00:00","og_image":[{"width":700,"height":443,"url":"https:\/\/renvisegrad.hu\/wp-content\/uploads\/2018\/11\/ajandekutalvany_kep.jpg","type":"image\/jpeg"}],"twitter_card":"summary_large_image","schema":{"@context":"https:\/\/schema.org","@graph":[{"@type":"WebPage","@id":"https:\/\/renvisegrad.hu\/en\/termek\/ajandekutalvany-adjon-renaissance-elmenyt-ajandekba\/","url":"https:\/\/renvisegrad.hu\/en\/termek\/ajandekutalvany-adjon-renaissance-elmenyt-ajandekba\/","name":"Aj\u00e1nd\u00e9kutalv\u00e1ny - adjon Renaissance \u00e9lm\u00e9nyt aj\u00e1nd\u00e9kba! - Renaissance \u00c9tterem Visegr\u00e1d","isPartOf":{"@id":"https:\/\/renvisegrad.hu\/en\/#website"},"primaryImageOfPage":{"@id":"https:\/\/renvisegrad.hu\/en\/termek\/ajandekutalvany-adjon-renaissance-elmenyt-ajandekba\/#primaryimage"},"image":{"@id":"https:\/\/renvisegrad.hu\/en\/termek\/ajandekutalvany-adjon-renaissance-elmenyt-ajandekba\/#primaryimage"},"thumbnailUrl":"https:\/\/renvisegrad.hu\/wp-content\/uploads\/2018\/11\/ajandekutalvany_kep.jpg","datePublished":"2018-11-06T17:20:26+00:00","dateModified":"2021-04-20T15:36:10+00:00","description":"Most aj\u00e1nd\u00e9kba is adhatja az \u00e9lm\u00e9nyt - lepje meg szeretteit egy Renaissance-aj\u00e1nd\u00e9kutalv\u00e1nnyal kar\u00e1csonyra!","breadcrumb":{"@id":"https:\/\/renvisegrad.hu\/en\/termek\/ajandekutalvany-adjon-renaissance-elmenyt-ajandekba\/#breadcrumb"},"inLanguage":"en-US","potentialAction":[{"@type":"ReadAction","target":["https:\/\/renvisegrad.hu\/en\/termek\/ajandekutalvany-adjon-renaissance-elmenyt-ajandekba\/"]}]},{"@type":"ImageObject","inLanguage":"en-US","@id":"https:\/\/renvisegrad.hu\/en\/termek\/ajandekutalvany-adjon-renaissance-elmenyt-ajandekba\/#primaryimage","url":"https:\/\/renvisegrad.hu\/wp-content\/uploads\/2018\/11\/ajandekutalvany_kep.jpg","contentUrl":"https:\/\/renvisegrad.hu\/wp-content\/uploads\/2018\/11\/ajandekutalvany_kep.jpg","width":700,"height":443},{"@type":"BreadcrumbList","@id":"https:\/\/renvisegrad.hu\/en\/termek\/ajandekutalvany-adjon-renaissance-elmenyt-ajandekba\/#breadcrumb","itemListElement":[{"@type":"ListItem","position":1,"name":"F\u0151oldal","item":"https:\/\/renvisegrad.hu\/en\/"},{"@type":"ListItem","position":2,"name":"Shop","item":"https:\/\/renvisegrad.hu\/en\/shop\/"},{"@type":"ListItem","position":3,"name":"Aj\u00e1nd\u00e9kutalv\u00e1ny &#8211; adjon Renaissance \u00e9lm\u00e9nyt aj\u00e1nd\u00e9kba!"}]},{"@type":"WebSite","@id":"https:\/\/renvisegrad.hu\/en\/#website","url":"https:\/\/renvisegrad.hu\/en\/","name":"Renaissance \u00c9tterem Visegr\u00e1d","description":"","potentialAction":[{"@type":"SearchAction","target":{"@type":"EntryPoint","urlTemplate":"https:\/\/renvisegrad.hu\/en\/?s={search_term_string}"},"query-input":{"@type":"PropertyValueSpecification","valueRequired":true,"valueName":"search_term_string"}}],"inLanguage":"en-US"}]}},"_links":{"self":[{"href":"https:\/\/renvisegrad.hu\/en\/wp-json\/wp\/v2\/product\/4029","targetHints":{"allow":["GET"]}}],"collection":[{"href":"https:\/\/renvisegrad.hu\/en\/wp-json\/wp\/v2\/product"}],"about":[{"href":"https:\/\/renvisegrad.hu\/en\/wp-json\/wp\/v2\/types\/product"}],"wp:featuredmedia":[{"embeddable":true,"href":"https:\/\/renvisegrad.hu\/en\/wp-json\/wp\/v2\/media\/4044"}],"wp:attachment":[{"href":"https:\/\/renvisegrad.hu\/en\/wp-json\/wp\/v2\/media?parent=4029"}],"wp:term":[{"taxonomy":"product_brand","embeddable":true,"href":"https:\/\/renvisegrad.hu\/en\/wp-json\/wp\/v2\/product_brand?post=4029"},{"taxonomy":"product_cat","embeddable":true,"href":"https:\/\/renvisegrad.hu\/en\/wp-json\/wp\/v2\/product_cat?post=4029"},{"taxonomy":"product_tag","embeddable":true,"href":"https:\/\/renvisegrad.hu\/en\/wp-json\/wp\/v2\/product_tag?post=4029"}],"curies":[{"name":"wp","href":"https:\/\/api.w.org\/{rel}","templated":true}]}}

Ajándékutalvány &#8211; adjon Renaissance élményt ajándékba!

<p>Az ajándékutalvány egy éven belül étel és ital fogyasztására használható fel. Az utalványt a fizetés beérkezése után e-mailben küldjük meg PDF formátumban. A dokumentumot ezek után Ön ki tudja nyomtatni, de elektronikus formában is továbbítható.</p>

<h3><strong>Kedves Vendégünk!</strong></h3>
<p>Ön tudja, hogy milyen egy belevaló Renaissance-lakoma, kóstolta hamisítatlan visegrádi specialitásainkat és magába szívta éttermünk különleges, múltidéző hangulatát. Most ajándékba is adhatja az élményt &#8211; lepje meg szeretteit, barátait egy Renaissance-ajándékutalvánnyal!</p>
<p>Megújult weboldalunkon lehetőség van közvetlen <strong>kártyás fizetésre</strong> és <strong>banki átutalással történő rendezésre</strong> egyaránt. Mindkét esetben alább, a &#8220;Kosárba rakom&#8221; gomb mellett választhatja ki a kívánt darabszámot, majd ezt követően kosárba rakhatja a terméket. A vásárlási folyamat végén pedig kiválaszthatja az Önnek megfelelő fizetési formát. Várjuk szeretettel Visegrádon!</p>

<!-- This site is optimized with the Yoast SEO plugin v27.5 - https://yoast.com/product/yoast-seo-wordpress/ -->
<title>Ajándékutalvány - adjon Renaissance élményt ajándékba! - Renaissance Étterem Visegrád</title>
<meta name="description" content="Most ajándékba is adhatja az élményt - lepje meg szeretteit egy Renaissance-ajándékutalvánnyal karácsonyra!" />
<meta name="robots" content="index, follow, max-snippet:-1, max-image-preview:large, max-video-preview:-1" />
<link rel="canonical" href="https://renvisegrad.hu/en/termek/ajandekutalvany-adjon-renaissance-elmenyt-ajandekba/" />
<meta property="og:locale" content="en_US" />
<meta property="og:type" content="article" />
<meta property="og:title" content="Ajándékutalvány - adjon Renaissance élményt ajándékba! - Renaissance Étterem Visegrád" />
<meta property="og:description" content="Most ajándékba is adhatja az élményt - lepje meg szeretteit egy Renaissance-ajándékutalvánnyal karácsonyra!" />
<meta property="og:url" content="https://renvisegrad.hu/en/termek/ajandekutalvany-adjon-renaissance-elmenyt-ajandekba/" />
<meta property="og:site_name" content="Renaissance Étterem Visegrád" />
<meta property="article:modified_time" content="2021-04-20T15:36:10+00:00" />
<meta property="og:image" content="https://renvisegrad.hu/wp-content/uploads/2018/11/ajandekutalvany_kep.jpg" />
	<meta property="og:image:width" content="700" />
	<meta property="og:image:height" content="443" />
	<meta property="og:image:type" content="image/jpeg" />
<meta name="twitter:card" content="summary_large_image" />
<script type="application/ld+json" class="yoast-schema-graph">{"@context":"https:\/\/schema.org","@graph":[{"@type":"WebPage","@id":"https:\/\/renvisegrad.hu\/en\/termek\/ajandekutalvany-adjon-renaissance-elmenyt-ajandekba\/","url":"https:\/\/renvisegrad.hu\/en\/termek\/ajandekutalvany-adjon-renaissance-elmenyt-ajandekba\/","name":"Ajándékutalvány - adjon Renaissance élményt ajándékba! - Renaissance Étterem Visegrád","isPartOf":{"@id":"https:\/\/renvisegrad.hu\/en\/#website"},"primaryImageOfPage":{"@id":"https:\/\/renvisegrad.hu\/en\/termek\/ajandekutalvany-adjon-renaissance-elmenyt-ajandekba\/#primaryimage"},"image":{"@id":"https:\/\/renvisegrad.hu\/en\/termek\/ajandekutalvany-adjon-renaissance-elmenyt-ajandekba\/#primaryimage"},"thumbnailUrl":"https:\/\/renvisegrad.hu\/wp-content\/uploads\/2018\/11\/ajandekutalvany_kep.jpg","datePublished":"2018-11-06T17:20:26+00:00","dateModified":"2021-04-20T15:36:10+00:00","description":"Most ajándékba is adhatja az élményt - lepje meg szeretteit egy Renaissance-ajándékutalvánnyal karácsonyra!","breadcrumb":{"@id":"https:\/\/renvisegrad.hu\/en\/termek\/ajandekutalvany-adjon-renaissance-elmenyt-ajandekba\/#breadcrumb"},"inLanguage":"en-US","potentialAction":[{"@type":"ReadAction","target":["https:\/\/renvisegrad.hu\/en\/termek\/ajandekutalvany-adjon-renaissance-elmenyt-ajandekba\/"]}]},{"@type":"ImageObject","inLanguage":"en-US","@id":"https:\/\/renvisegrad.hu\/en\/termek\/ajandekutalvany-adjon-renaissance-elmenyt-ajandekba\/#primaryimage","url":"https:\/\/renvisegrad.hu\/wp-content\/uploads\/2018\/11\/ajandekutalvany_kep.jpg","contentUrl":"https:\/\/renvisegrad.hu\/wp-content\/uploads\/2018\/11\/ajandekutalvany_kep.jpg","width":700,"height":443},{"@type":"BreadcrumbList","@id":"https:\/\/renvisegrad.hu\/en\/termek\/ajandekutalvany-adjon-renaissance-elmenyt-ajandekba\/#breadcrumb","itemListElement":[{"@type":"ListItem","position":1,"name":"Főoldal","item":"https:\/\/renvisegrad.hu\/en\/"},{"@type":"ListItem","position":2,"name":"Shop","item":"https:\/\/renvisegrad.hu\/en\/shop\/"},{"@type":"ListItem","position":3,"name":"Ajándékutalvány &#8211; adjon Renaissance élményt ajándékba!"}]},{"@type":"WebSite","@id":"https:\/\/renvisegrad.hu\/en\/#website","url":"https:\/\/renvisegrad.hu\/en\/","name":"Renaissance Étterem Visegrád","description":"","potentialAction":[{"@type":"SearchAction","target":{"@type":"EntryPoint","urlTemplate":"https:\/\/renvisegrad.hu\/en\/?s={search_term_string}"},"query-input":{"@type":"PropertyValueSpecification","valueRequired":true,"valueName":"search_term_string"}}],"inLanguage":"en-US"}]}</script>
<!-- / Yoast SEO plugin. -->

Ajándékutalvány - adjon Renaissance élményt ajándékba! - Renaissance Étterem Visegrád

Most ajándékba is adhatja az élményt - lepje meg szeretteit egy Renaissance-ajándékutalvánnyal karácsonyra!

Renaissance Étterem Visegrád

Főoldal
